70. Suppose 3*f - 6 = 21. Suppose -s = -f*i + 22. What are the prime factors of i?
3
Let x be 9 + ((-2)/4)/((-1)/(-4)). Suppose 12*u - 10 = x*u. Let f(a) = 5*a**3 - a**2 - a - 1. What are the prime factors of f(u)?
3, 11
Let v = -61 - -58. Let d(b) = -29*b**2 + 40*b**2 - 8*b + 2 - 6 + 1. List the prime factors of d(v).
2, 3, 5
Let m(i) be the third derivative of i**6/120 + 11*i**5/60 - 3*i**4/8 + 10*i**3/3 - i**2 + 72. List the prime factors of m(-10).
2, 3, 5, 7
Let n be 9/(-12)*2*16/12. What are the prime factors of n + (-2 - -7) - (-107 - -1)?
109
List the prime factors of 52/65*386823/4 + 314/785.
5, 15473
Let r = -17 + 24. Let d(i) = i**2 - 9*i + 22. Let c be d(r). Suppose -u + 28 = c. List the prime factors of u.
2, 5
Suppose -36*b = -38*b - 18. Let x(a) = -34*a + 126. What are the prime factors of x(b)?
2, 3
Let p(m) = -2*m**3 + 4*m**2 + 3*m - 1. Let k be (-6)/15*(-1 - (12 + -3)). Let d be p(k). Let x = d - -88. List the prime factors of x.
5, 7
Let v = 2502 + -1726. Suppose 4*a - 4*h - v = 0, 0 = a - 16*h + 12*h - 209. What are the prime factors of a?
3, 7
Let h = 2307 + -768. Suppose -604 = -2*k + 5*z - 0*z, -5*k + h = 2*z. List the prime factors of k.
307
Let r(t) = -13*t**2 - 19*t + 37. Let p(z) = -13*z**2 - 20*z + 36. Let y(b) = 5*p(b) - 6*r(b). What are the prime factors of y(6)?
2, 3, 5, 17
Let s(l) be the third derivative of 1/120*l**6 - 4/3*l**3 + 0 + l**2 + 0*l - 11/60*l**5 - 1/6*l**4. What are the prime factors of s(12)?
2, 11
Let j(r) = r + 17. Let k be j(-13). Suppose -8*a = -k*a. What are the prime factors of (-8)/(-12)*15/(a + 1)?
2, 5
Suppose 0 - 10 = -n + q, 4*n = -3*q + 68. Let v = n - 22. List the prime factors of 2 - 20/(v - -3).
2, 3
Let j = 560 - 480. List the prime factors of (-756)/15*j/(-3).
2, 3, 7
Suppose -4*y - 474 = -2*z + y, y = -z + 230. Suppose -z = -d + 143. Suppose 0 = -3*n + 39 + d. What are the prime factors of n?
2, 3, 23
Suppose 0 = -1313*m + 1316*m + 5*n - 182906, -60964 = -m + 3*n. List the prime factors of m.
41, 1487
Suppose 0 = -24*h + 70*h + 117*h - 4283966. What are the prime factors of h?
2, 17, 773
Let v = -737 - -741. Suppose -157 - 125 = -5*z - 2*l, v*l = -2*z + 116. What are the prime factors of z?
2, 7
Let q(n) = -243*n + 2227. What are the prime factors of q(-42)?
12433
Suppose 0 = 12*h - 2 - 22. Suppose -2*r - 4*d = -r, h*r = -3*d + 5. Suppose 5*p - 54 = -r*p. What are the prime factors of p?
2, 3
Let x(c) = 14*c - 32. Let b(k) = -k + 36. Let d be b(20). List the prime factors of x(d).
2, 3
Suppose 4*q = 5*r + 89 + 222, 4*r + 12 = 0. Suppose -j = -g + 41, 2*g - 4*j - q = -0*g. List the prime factors of g.
3, 5
Let q be ((-36)/45)/((-4)/(-20)). Let w(j) = -j**3 + 7*j**2 - j + 4. Let z be w(7). List the prime factors of ((-94)/q)/(z/(-18)*3).
47
Let q(p) = 2*p**3 + 3*p + 13486. List the prime factors of q(0).
2, 11, 613
Suppose -13*n + 2531 = -1291. Suppose -4*s - 3*q = 897, s - 46 = 4*q - n. Let l = s + 329. List the prime factors of l.
101
Let g(w) = w**3 - 8*w**2 + 3*w - 17. Let l = 166 + -155. What are the prime factors of g(l)?
379
Suppose -34*f - 126 = -31*f. Let r = -38 - f. Suppose 9*s - r*s = 850. What are the prime factors of s?
2, 5, 17
Let f be (-4)/(-2 - 0) - -18 - -2. List the prime factors of (4 + f/(-4))*4*-107.
2, 3, 107
Suppose 0 = 4*x - 8, 28562 = 5*z - x + 2*x. Suppose z = 5*m + 1352. Suppose -m = -7*q - 270. List the prime factors of q.
2, 43
Let v(o) = 4*o**3 + 4*o**2 - 4*o - 10. Let j be v(5). Suppose -9*f = f - j. Let x = 178 - f. List the prime factors of x.
11
Let z = -65 + 65. Suppose 4*u - 12 = z, 259 = 2*a + 2*u - 5*u. What are the prime factors of a?
2, 67
Let s(k) = -k**3 + 27*k**2 - 59*k + 835. List the prime factors of s(20).
5, 491
Suppose v = i - 171, -i + 4*i + 3*v - 501 = 0. Let l = i - -59. What are the prime factors of l?
2, 3, 19
Suppose 6*w = 15*w + 19845. Let g = w + 3177. Suppose -2*v + 493 = -5*s, -v - 3*v - 4*s = -g. What are the prime factors of v?
2, 61
Suppose -24*y + 3*y + 105 = 0. Let h(s) = s**2 - 10*s + 8. Let l be h(9). What are the prime factors of (-222)/30*y*l?
37
Suppose -4*k = 326 - 13214. What are the prime factors of k?
2, 3, 179
Let r(f) = -f**2 - 4*f + 41. Let b be r(-8). What are the prime factors of ((-11)/(-4))/(-2 - b/(-4))?
11
Suppose 0 = -20*b + 21*b - 4. Suppose b = -m - m. List the prime factors of (2/(-8)*2)/(m/956).
239
What are the prime factors of (-104)/234 - 40/(-9) - -2937?
17, 173
Suppose 33*i + 52*i = 11*i + 1224330. List the prime factors of i.
3, 5, 1103
Let l(z) = 74*z - 162. Let v be l(27). Suppose v = 27*c - 21*c. List the prime factors of c.
2, 3, 17
Let r(v) = -3*v + 10. Let o be r(2). Suppose 5*y + 4*m + 295 = 1164, o*y = -4*m + 696. List the prime factors of y.
173
Let w = 12 + -7. Suppose -w*r + 35 = 5. Suppose -66 = -r*c + 270. List the prime factors of c.
2, 7
Let z = 19 - 7. Suppose 2*v - 4*t - z = 748, 2 = 2*t. Suppose -63 - v = -5*b. What are the prime factors of b?
89
Suppose -1208 = -4*x - 5*g + 1612, x - 690 = -5*g. Suppose 0 = -2*y + x + 706. What are the prime factors of y?
2, 3, 59
Suppose 12475 + 3068 = 18*f - 4833. List the prime factors of f.
2, 283
Let g = -34 - -39. Suppose 3 = -o + g. Let c(m) = 34*m - 2. What are the prime factors of c(o)?
2, 3, 11
Let t(o) = o**2 + 1. Let w be t(1). Let s be (-56)/14 - (-1128)/w. Suppose s = 6*l + 170. What are the prime factors of l?
5, 13
Suppose -30*a = -23*a - 35. Suppose 12 = 4*u - 2*y, y - 3*y - 14 = -a*u. List the prime factors of u.
2
Let d = 23567 - 8552. List the prime factors of d.
3, 5, 7, 11, 13
Suppose 610204 = -570*a + 589*a. What are the prime factors of a?
2, 7, 31, 37
Let i be (-11)/(-22) - 1*(-26)/(-4). What are the prime factors of (-252)/(i + 30/6)?
2, 3, 7
Let i = 27 - 22. Suppose -5*k - 2*v + i*v = -8, 2*v = 4*k - 8. Suppose -36 - 92 = -k*u. What are the prime factors of u?
2
Suppose -5*q = 10, -3*s - q + 90 = 20. Suppose 7*x + x = s. Suppose 1 = 4*j - 7, 2*y + x*j = 184. What are the prime factors of y?
89
Let z = 4938 + -4028. What are the prime factors of z?
2, 5, 7, 13
Let h = -8258 - -13359. List the prime factors of h.
5101
Let w be (-16)/6*12/8. Let b be (-2)/(w + 0) + (-68)/8. List the prime factors of b/56 - (-1100)/7.
157
Let b = 28105 - 15802. List the prime factors of b.
3, 1367
Suppose 5*o + 1493 = 12183. Suppose 0 = 3*b - 5*g - o, 0 = b - 2*b + g + 712. List the prime factors of b.
3, 79
Let k(v) = 58*v - 7. Let i be k(2). Suppose 6*j + i - 331 = 0. Suppose 4*a - 91 = 3*b, 4*a + 4*b - j = 3*a. List the prime factors of a.
5
Let y be (-3 - 42/(-7)) + 60. Let p = 394 + y. List the prime factors of p.
457
Suppose 17*c - 84418 = 13*c - 3*j, -3*c - 4*j + 63303 = 0. What are the prime factors of c?
11, 19, 101
Let d(s) = 4*s**2 + 2*s + 13. Suppose -1 = 3*q - 4. Suppose -3*o + l = 10, -4*o - 5 = -5*l + q. List the prime factors of d(o).
3, 23
Suppose -2*w = -3*a - 18, -4*w + 9 + 27 = -5*a. Let o = w - -9. List the prime factors of (46/(-3))/((-6)/o).
2, 23
Let s = 501 + -498. Suppose -2*v - 4*o + 785 = -1759, 5055 = 4*v - s*o. What are the prime factors of v?
2, 3, 211
Suppose -24*p - 8 = -26*p. Suppose -5*z - 475 = -4*g, -z + p*g = -3*z - 162. Let h = -55 - z. What are the prime factors of h?
2, 3
Let n(d) = d**3 + 15*d**2 - 12*d. Suppose 116 = 2*j + 2*k, 6*j - j = 3*k + 306. Suppose -85 = 4*m - 5*p, -p = 5*m + 2*p + j. What are the prime factors of n(m)?
2, 3, 5
Let f be -5 - (0/1)/2. Let k(p) be the third derivative of -p**6/120 - p**5/60 - p**4/4 - p**3/2 - 444*p**2 - 1. List the prime factors of k(f).
127
Suppose -6*r + 13 = -5. Suppose 12 + 9 = r*u. What are the prime factors of 404/24 - (1 + u/(-6))?
17
Let t = 65 - 49. Suppose 4*g - t = 4*v, 2*v - 3*v - 8 = -3*g. Suppose 8*m - 211 = 3*m + g*b, 0 = -2*m - 5*b + 67. List the prime factors of m.
41
Let f(u) = -53 - 93*u + 44*u + 200*u. What are the prime factors of f(3)?
2, 5
Suppose 159*g - 167*g = 0. Suppose g = 5*o - 778 - 467. What are the prime factors of o?
3, 83
Suppose -2*d = 714 - 4470. What are the prime factors of d?
2, 3, 313
Let n(l) = 17792*l**2 + 44*l + 8. List the prime factors of n(-1).
2, 23, 193
Let c = -2364 + 2385. Suppose 0 = 4*v - 3*k - 328, -3*v + 0*k = 3*k - 267. Suppose -x + c = -v. List the prime factors of x.
2, 53
Suppose 5*u - 6